n = t - 2. Suppose -3*r + 0*p = 5*p - 18, -n = 2*r - p. What is d(r)?
2
Let f(c) = -c**3 - 3*c**2 + c - 3. Let v = 6 - 3. Suppose 5*s - 2*d - 49 = 0, -v*s - 5*d + 75 = 27. Suppose 7*y = -17 - s. Determine f(y).
9
Let a(g) = -3*g**2 + 2*g - 8. Let p(q) = -4*q**2 + 3*q - 13. Let y(r) = -7*a(r) + 5*p(r). Let s(j) = -j + 2*j + 0*j - 7. Let d be s(7). Calculate y(d).
-9
Let p(d) = 2*d**2 + 29*d + 84. Suppose 29*z + 4*c + 266 = 0, -2*z + 3*c = 4*c + 14. Determine p(z).
-6
Suppose 4*i = -3*l - 2, 3*l + 2 = -5*i - l. Let b be (-11 + 16 + 1*i)/(-1). Let x(g) = 4*g + 2*g**3 + 1 + 4*g**2 + 2*g**3 - 3*g**3. Give x(b).
-2
Suppose 1191*c = 1175*c - 144. Let p(r) = -3 + 9 + 0 + 3 + 3*r. Give p(c).
-18
Let i(r) = r - 4. Suppose 2*u + 28 = -4*g, -6*g + 11*g = 2*u + 28. Let l be 4/u - ((-306)/42 + -5). Determine i(l).
8
Let q(t) = -5*t**3 + 2*t**2 - 7*t + 5. Let c be 11 - (14 + 2 - 6). Calculate q(c).
-5
Let g(k) = -67*k - 871. Suppose 1838*x + 634 = 1790*x + 10. What is g(x)?
0
Let g(m) = -m**2 + 19 + 0*m**2 + m + 2*m**2 - 60 + 25. Determine g(4).
4
Let a(c) = 22*c**3 - 4*c**2 + 6*c. Let z(u) = -59*u**3 + 9*u**2 - 19*u. Let r(k) = 8*a(k) + 3*z(k). Calculate r(-3).
9
Let a be (1/3)/((-2)/6). Let r be 14/28*(a + 1*11). Let g(y) be the second derivative of y**5/20 - y**4/3 - 2*y**3/3 - y**2/2 - 2*y. What is g(r)?
4
Let d = -6742 - -6742. Let u(x) be the third derivative of 1/4*x**4 + 12*x**2 - 1/60*x**5 + 0*x + 1/3*x**3 + d. Determine u(5).
7
Let x(p) be the first derivative of -3*p**2/2 + 93*p - 660. Determine x(30).
3
Suppose -9*j + 421 = -75*j - 173. Let y(s) = s**3 + 9*s**2 + 5*s - 19. What is y(j)?
-64
Suppose -12*g = -369 + 405. Let c(p) = -8*p**2 - 4*p + 5. Let u(t) = -t**2 + 1. Let w(l) = -c(l) + 5*u(l). Give w(g).
15
Let i(p) = -77*p + 2831. Let t be i(37). Let y(c) = -2*c**3 - 36*c**2 + 2*c + 35. Calculate y(t).
-1
Let y(o) be the third derivative of o**4/12 + 2*o**3/3 + 2*o**2. Suppose -3*u + 2*k - 7 = 0, -k - 1 = 1371*u - 1368*u. Give y(u).
2
Let n(w) = 2*w + 15. Let b be 222/30 - 10/25. Let u(s) = -s**3 + 9*s**2 - 14*s - 7. Let j be u(b). What is n(j)?
1
Let i be ((-31)/2 - (-4 + -6)) + 2/(-4). Let d(v) be the third derivative of v**5/60 + v**4/12 - 5*v**3/6 - 2*v**2. Determine d(i).
19
Suppose 63*u = 68*u - 25, 2*s + u + 5 = 0. Let j(g) = g**3 + 6*g**2 + 11*g + 5. Give j(s).
-25
Suppose 4*c = 3*c. Let j(g) = -2*g - 1998 + 12*g**2 - 6*g**2 - 5*g**2 + 2015. What is j(c)?
17
Let t(u) = 5*u - 81. Let c be t(17). Let w(a) = 9*a - 15. Let l(y) = 20*y - 28. Let r(x) = c*l(x) - 9*w(x). Let h be (-1 + 1)/(-2*1). What is r(h)?
23
Let q(h) = h**3 + 28*h**2 + 27*h + 7. Let t = 3166 + -3193. What is q(t)?
7
Let w be (-683)/5 + (114/(-10) - -11). Let b = w + 132. Let k(q) = -q - 1. What is k(b)?
4
Let i(w) = 16*w**3 - 4*w**2 - 3*w. Let r(n) = n**2 + 100*n + 195. Let m be r(-98). What is i(m)?
-17
Let u = 6175 + -6147. Let m(o) = o**2 - 29*o + 63. What is m(u)?
35
Let v(b) = -15 + 32 + 99*b + 42 - 124*b + 2*b**2 + 11. Calculate v(9).
7
Let g(m) = -5*m**3 + 1. Suppose 4*x + 29 = u, 8*x + 35 = 3*x + u. Let l be -1 + 164/x - 36/(-108). Let b be 6/(-8) + 7/l. What is g(b)?
6
Let k(l) = -l**2 + l - 1. Let c be 3/((-12)/4)*-2. Let b(q) = -c - 5*q - q**2 - 4 - 6 + 0. Let i(u) = b(u) - 2*k(u). What is i(8)?
-2
Let l = 1080 - 1076. Let b be -3 - 2 - 8/(-5 + l). Let j(f) = -2 - f + 2*f + 3. Give j(b).
4
Suppose 30 + 5 = 5*z. Let b(x) = -22 + 8*x + 12 - 4*x. What is b(z)?
18
Let h(q) = 3*q - 38. Suppose 2*y = -4*j + 42 + 10, 4*y = -4*j + 36. Calculate h(j).
13
Let z = -265 + 265. Let u = 13 - 11. Let j(n) = -n + u*n - n + n. Calculate j(z).
0
Let x(g) = 16*g + 1. Suppose 4*n - 408 = -2*n. Let h = n + -136. Let j = h - -67. Give x(j).
-15
Let v(b) = -3*b**2 - 8*b + 24. Let z = 45 - 32. Suppose -4*n - z = k - 2, 15 = -4*n + 3*k. Let f(d) = -d**2 - 3*d + 8. Let h(i) = n*v(i) + 8*f(i). Give h(0).
-8
Suppose -9*u = -14*u + 10. Suppose u*n + 13 = -w, 4*w - 3*n = 2*n. Let j(c) = c**2 + 8*c - 2. Determine j(w).
-17
Let z(r) = -r**3 + 12*r**2 - 12*r + 15. Suppose 4*s - 44 = 4*l, 2*l = -5*s - 3*l + 95. Let f be 1 + 159/s - (-3)/(-5). Determine z(f).
4
Let x(c) be the first derivative of -c**3/3 - 9*c**2/2 - 11*c + 8. Let h be ((-3)/(-2))/(-9 - ((-10600)/(-48))/(-25)). Determine x(h).
-11
Let p = 119 + -120. Let c(s) = 2*s**2 - 7*s - 5. Let b be c(-4). Let n(r) = -28 + 17*r**3 + b - 26. Determine n(p).
-16
Suppose -33 = 5*g - 16*g. Let o(b) = 152*b - 1 - 150*b - 6*b**2 + g*b**2 - 5*b**2. Give o(1).
-7
Let c(a) = -6*a + 71. Let l = -2366 + 2376. Determine c(l).
11
Let y(q) = -5*q + 6. Let d = -665 + 508. Let j = -151 - d. What is y(j)?
-24
Let v(t) = t**2 - 9*t - 6. Suppose 45 = -48*s + 53*s - 2*n, 3*s - 2*n = 31. What is v(s)?
-20
Let b(j) = j**3 - 23*j**2 - 11*j - 974. Let g be b(25). Let p(x) be the first derivative of 2*x**3 + x**2 - x - 1. Determine p(g).
7
Let h be 12/30*-15 - 12/(-3). Let r(x) be the first derivative of -x**4/4 - x**2 - 2*x + 52. What is r(h)?
10
Let z(v) = 5*v + 37. Let o(p) = -12*p - 54. Let d(k) = 3*o(k) + 5*z(k). What is d(4)?
-21
Let l(u) be the third derivative of u**5/60 + 11*u**4/24 + 7*u**3/2 - 672*u**2 + 2. What is l(-9)?
3
Let n be ((-16)/12)/(8/(-36)). Let y(p) = p**2 + 6*p - 13. What is y(n)?
59
Suppose 4*i = 6*y - 4*y + 16, 17 = 3*i - 4*y. Let r(x) = 90*x**2 - 37*x**2 + x**i + 9 + x - 46*x**2. Calculate r(-7).
2
Let z(g) be the first derivative of -g**3/3 - 7*g**2/2 - 9*g + 4. Suppose 159 = -44*q - 164 + 59. Calculate z(q).
-3
Let d(m) = 143 - 47357*m - 47348*m + 94696*m. Give d(13).
26
Let s be -37 - (38 + -35 + -47). Let m(q) = -4*q**2 - 27*q + 12. Let f(r) = -3*r**2 - 18*r + 8. Let t(v) = 7*f(v) - 5*m(v). What is t(s)?
10
Let z(c) = 2*c. Suppose 3*t = -v - 2*t + 17, -2*v - 4*t = -16. Suppose -5*u = -3*n + 216, u - 4*n - 34 = v*u. Let m = -43 - u. Give z(m).
-2
Let d(s) = s**3 + s**2 + s + 1. Let c(h) = 4*h**3 - 2*h**2 - 2*h + 12. Let m(l) = c(l) - 3*d(l). Let g = -22134 - -22140. What is m(g)?
15
Let l(v) be the third derivative of -v**4/24 + 7*v**3/3 + 597*v**2. What is l(0)?
14
Let h(f) = -8 - 4 + 55*f - 52*f. Let j be (((-342)/8)/(-3))/(4/(-16)). Let x = -49 - j. Calculate h(x).
12
Let m(r) = 26*r - 48*r - 3*r**2 + 17*r + 8*r**2 - 1. Give m(4).
59
Suppose 4*r - 2*m = -16, -3*r - 5*m - 38 = -0*r. Let p(h) = -3*h + 6. Calculate p(r).
24
Let t(u) = 10*u**2 - 45*u + 15. Let w(r) = 12*r**2 - 53*r + 17. Let v(p) = -7*t(p) + 6*w(p). What is v(2)?
-1
Let p(z) = -z**3 - z**2 - 10*z - 37. Suppose -3*a - 19*u - 108 - 34 = 0, 3*a + 4*u = -37. What is p(a)?
11
Suppose t + 2*h = -3 + 14, 0 = 5*t - 3*h - 3. Suppose -3*d + d + 22 = 0. Suppose -2*v - d = -t. Let w(n) = n**3 + 6*n**2 + 5*n + 1. Calculate w(v).
13
Let a(s) = -19*s + 18197*s**2 + 58 - 18195*s**2 - s + s + 28. What is a(6)?
44
Let o be (16 - (9 + 3)) + 2. Let l(h) = h**3 - 6*h**2 + 6*h - 11. Calculate l(o).
25
Suppose -5*i + 48 = -5*m + 4*m, -3*i + 4*m = -22. Let w(a) = -a**2 + 4*a - 4. Let t(b) = b**2 - 3*b + 5. Let v(u) = -6*t(u) - 7*w(u). Determine v(i).
-2
Suppose 11*v - 2264 = -1133 - 1142. Let o(s) = -27*s**2 + 4*s + 2. Determine o(v).
-29
Let n(u) = -u - 7. Let q(r) = -16*r - 7. Let v be q(-1). Let p(o) = 12*o. Let w be p(-1). Let d = v + w. Give n(d).
-4
Let z(n) = -3 + 1 - 3 - n**2. Let b = 55 - 11. Let j = 44 - b. Determine z(j).
-5
Let b = 80 + -182. Let f = 104 + b. Let m(i) = 3*i**2 - 1 - 2 + 4*i + 0*i**f - 6*i**2. Determine m(2).
-7
Let w(j) = j - 3. Let h = 41 + -36. Suppose -83 = h*i - 93. What is w(i)?
-1
Let x(g) = -2*g + 4 - 2 - 18 + 3. Let q(o) = o**3 + 3*o**2 - 7*o + 2. Let k be q(-5). Give x(k).
13
Suppose d - 3*h + 0 + 6 = 0, 0 = -2*h. Let c be (-24)/(-10)*15/d*2. Let i(k) = k + 12. Calculate i(c).
0
Let f(u) = 15 + 186 - 111*u + 39*u + 44*u. Calculate f(7).
5
Let f(b) = -9*b - 83. Suppose 0 = 36*n - 43*n - 63. Determine f(n).
-2
Let l(z) be the first derivative of -6*z**2 - 64*z + 2468. What is l(-5)?
-4
Let f(y) = 9*y**2 + 6*y + 4. Let s(c) = -10*c**2 - 6*c - 4. Let u(m) = -7*f(m) - 6*s(m). Suppose 8*w - 2173 = -1853. Suppose -48*d + w = -58*d. Calculate u(d).
-28
Let d(w) = -35*w + 2 + 36*w - 13 - 5. Let u(c) = -2. Let f(r) = d(r) - u(r). Determine f(7).
-7
Let m(g) = 4*g + 1. Let i = 224 + -194. Let f be 18/i + 130/(-50). What is m(f)?
-7
Let g(h) = -81756*h + 81755